1 + 86.
4
What is 18 + (8 - (12 - -11) - 12) + -16?
-25
Calculate 9 + 16 + -2 - (-48 - -1).
70
What is the value of 45 - (-39 - (-75 - -39))?
48
What is 12 - (1 + -2) - (-18 + 51 + -48)?
28
Calculate (7 - (11 - 31)) + -8.
19
-6 - -26 - (-23 + 26 + 4 + -2 + 3)
12
What is the value of 5 - (-10 + -13 + 14 - (-5 + -25))?
-16
What is -4 + -102 + 20 + -15 + -2 + 2?
-101
What is the value of 16 + (67 - -1) - (25 - -4)?
55
(1 - (0 + -1)) + 28 + (121869 - 121859)
40
2 - 0 - (-1 - 2) - (-388 - -314 - -124)
-45
Calculate (8 - 4) + (6 - (-3 + 3 + 40)) + 2.
-28
What is the value of 47 + 42 + -56 + 7?
40
Evaluate -80 + -27 + 49 + 6.
-52
Evaluate -16 - (7 + -75 + 6).
46
Calculate (13 - (-138 + 71)) + 2.
82
What is the value of (6 - (3 + -9)) + (20 + -8 - 5) + -78?
-59
What is -162 + 164 + (-1 - 11) + (-48 - -137)?
79
What is the value of (14 - (-5 - (11 - (33 + -19)))) + 15?
31
What is (36 - -1) + (250 - 247) - (0 + -1)?
41
What is the value of 16 + -8 + 108 + -112?
4
(-89 - -34 - -5) + -4 + 0 - 2
-56
What is -224 + (93 - -125 - 127)?
-133
-20 + -1 + -250 + 288
17
What is -44 - ((-68 - 0) + 90)?
-66
What is the value of (-4 + -7 - (-7 + -1)) + 14 + -26 + 19?
4
Evaluate 52 + (-11 - -15) - (8 + -1 + -5 + 6).
48
What is the value of 12 + (-32 - (-48 + 27))?
1
What is the value of (10 - (-5 + 18)) + 15 - (1 + -4) - -87?
102
(-14 - 28) + (-8 - 0) + (-48 - -33)
-65
Evaluate (-11 - -3) + (12 - (17 - (4 - 0)) - 35).
-44
(-7 - (5 - 10)) + 18 - (54 + 65)
-103
-13 - (20 + (-19 - -6) - -15)
-35
Evaluate -5 - (57 - ((3 + 10 - 11) + -3 + -6)).
-69
Calculate -35 + 2 - (352 - 382).
-3
Evaluate -6 + -20 - 40 - -92.
26
Calculate 10 + (45 - (-12 - -8 - -14)) - (1 - 5).
49
Evaluate 21 + -37 - (-192 + 172).
4
18 - (-70 + 65 + (3 - 14))
34
Evaluate 31 + -48 - 3 - (15 - 6).
-29
-15 + -4 + (103 - (17 + (-27 - -32)))
62
Calculate 10 - ((3 - 0) + 0) - (-267 - -272) - -65.
67
What is the value of (63 + 51 + 5 - (2 + -6)) + 3 + -10?
116
(12 - 0) + -22 + 21 + -12
-1
What is (-2 - 4 - -1) + (64 - (53 - 29))?
35
What is -17 - 8 - (262 + -244)?
-43
Calculate 19 - (-3 - -64 - -31) - -26.
-47
Calculate -67 + 89 + (-9 - (-7 - 1) - (4 + -15)).
32
What is (-656 - -540) + (-5 - -212)?
91
What is 34 - (-12 - 4 - 8 - -44)?
14
Evaluate (-30 - 2 - (-449 + 470)) + (-14 - 1).
-68
Calculate (-32 - 1) + -364 + 315.
-82
Calculate 0 - 0 - (-29 - -48) - (350 + -338).
-31
What is 7 - (16 + (40 - (32 + 1)))?
-16
What is 12523 + -12303 - (143 - 2)?
79
28 - ((32 - (-15 + (2 - -33))) + 6 + -24)
34
Evaluate -28 - 1 - ((46 - 131) + -17).
73
-1 + -52 - (7664 - 7722)
5
(-2 + -11 - -32) + -73
-54
What is (0 - -22) + (289 - 278 - (-6 + -1 + 20))?
20
What is the value of -4 + -65 + (-16 - -23) - (32 + -24)?
-70
What is 45 - -1 - (-48 - -36 - (-14 + -1) - -4)?
39
What is -8 - 19 - (-2 - 29 - -28) - 89?
-113
Calculate 9 + 3 + -6 + (177 - (-3 - -89)).
97
What is the value of -7 + -24 + (11 - (92 - 58))?
-54
Calculate 11 + -2 + -101 + (36 - 37).
-93
-52 + ((-4 - -6) + -13 - (3 - 0 - 10))
-56
Calculate 19 + (-40 - -19) - 4 - -1.
-5
4 - -34 - (-25 - -3)
60
Evaluate (4 + -4 + -5 - (10 + -6 - 7)) + 77.
75
(18 + -30 - -24) + (16 - (198 + -21))
-149
Calculate -3 - -8 - -5 - ((-14 - 22) + 21).
25
What is (81 - (-4 + -4 + 4)) + 755 + -768?
72
What is the value of 4873 - 4791 - (1 + -2 - (-12 + 2))?
73
Calculate -32 + (4 - (-4 + -5 + -3) - 15).
-31
What is -77 - 39 - (-28 + 70 - 32)?
-126
Evaluate (6 - (8 + 13) - 7) + 33.
11
Evaluate 19 + (10 - (10 + 4 + -8 + -3)).
26
Calculate 3 - -10 - ((-29 - -42) + 54).
-54
What is 31 + (-9 - 23) + 3 + 5 + -2 + -117?
-112
Evaluate (-2 - 49) + -11 + 19 + 11 + -1 - -6.
-27
Calculate -99 - (10 + (1 - -13) + (148 - 177)).
-94
Calculate (-1 - -31 - 84 - -31) + 70.
47
Calculate (6 - (-33 + -6 + 12)) + (61 - 74).
20
What is -12 + (25 - (12 + -5)) + 3 + -6?
3
What is 12 + -78 + 64 + 24 + 2 + 5?
29
-8 + 8 + -17 - ((-18 - 74) + -24)
99
What is the value of -20 - ((-36 - -49) + -37)?
4
What is the value of 6 + -15 + (-23 - 3) + 2 + (-4 - -8)?
-29
Calculate (11 - (44 + -2 + -10 + -5)) + 3.
-13
Evaluate 46 + (-21 + -14 + 4 + 21 - -3).
39
Evaluate 8 - -64 - 82 - (-34 + -4).
28
Calculate -40 - (-64 + -2 + -8) - 1.
33
What is the value of 2 + -2 + 4 + 437 + -432?
9
Evaluate -113 + 1 + 0 + 11 + (-69 - -137 - 96).
-129
Evaluate 190 + -220 + -4 + 37.
3
Evaluate 0 - 67 - ((1 - 6) + 3 + (2 - -3)).
-70
What is the value of 87 + (79 - 263) + -22?
-119
Calculate (10 - (-18 - -45)) + 9 + -26.
-34
Calculate (-11 - 0) + (-38 - (-109 - -120)).
-60
Calculate 6 + 1 + -16 + -83 + 58.
-34
What is 7 + (46 - -1 - (34 + (4 - 15) - 22))?
53
Evaluate 62 - (-17 + (38 - 16) + (8 - 4)) - 10.
43
Calculate 25 + -9 + -17 + -52 + -26.
-79
What is the value of 22 + 8 + (-23 + 19 - -19)?
45
Evaluate -119 + (-984 + 1005 - (1 - 17)).
-82
-8 + 16 + -2 + -4 + (3 - -4) + -97
-88
What is -57 - -43 - -11 - (0 - 31 - 1)?
29
Calculate -260 + 318 + 4 + (-8 - 1).
53
Calculate 1 + 12 + 9 + -4 + (4 - -90) + -23.
89
Calculate (-60 + 56 - (1 - 1)) + (-6 - -2).
-8
What is (-73 + 61 - -7) + 1 + -34?
-38
Evaluate -20 - (6 + (-15 - (-5 - 14 - -13))).
-17
What is the value of -69 + 21 + -5 - -36?
-17
Calculate 99 - (139 - (-26 + 40)).
-26
Calculate (-43 - 7) + 10 + 63 + 9.
32
Calculate (21 - 3) + (14 - 11) + -50.
-29
What is 103 + 2 + (13 - -4) + 10 + -47?
85
-5 + (54 + -59 - (5 + -1 + (13 - 13)))
-14
Evaluate 0 - (2 - 12 - (955 + -1111)).
-146
Evaluate -61 + (48 - (-38 - 20)).
45
Evaluate 15 - -47 - (409 + -354).
7
What is the value of (2 - 4 - 0) + 140 + -169 + -19?
-50
Calculate -201 - (-93 + 19) - (2 + -16).
-113
-12 + (-1 - (-4 + (-9 - -12))) - 4
-16
Calculate 39 + -29 + 122 - 117.
15
What is (16 - (55 + -37)) + -9?
-11
Evaluate 40 - 52 - (2 - (5 + -13 + 3 - -18)).
-1
Calculate -7 - (-30 - -45 - (1 + 0) - 73).
52
-26655 - -26664 - (0 - 110)
119
Calculate 1 + 1 - 5 - -8 - (-5662 - -5724).
-57
What is 34 - (-4 + -2) - (27 - (44 + -21))?
36
Calculate -1 + 5 + 2 - ((-6 - -1) + 384 + -426).
53
Calculate (-16 - (1 + -110)) + -13.
80
-24 - (0 + -13 - (-1 + -3)) - -28
13
What is the value of (-14 - (1 + -3) - (-59 - -34)) + (111 - 3)?
121
What is the value of (-438 - -381 - (-8 + (3 - 0)) - -7) + -9?
-54
Calculate 1 + 0 + (200 - 133) + -16 + 2.
54
What is 399 + -430 - (0 - 42) - -61?
72
Calculate 0 + -72 - (-8 + -7 + 15 - -3).
-75
Evaluate 215 + -194 + 36 + (-9 - -3).
51
What is (17 - 8 - 22) + -3 + -4?
-20
What is the value of -49 + (3 - (-64 - -51))?
-33
(0 + -1 + 0 - (-447 - -409)) + -10
27
What is the value of -5 - (10 + 0) - -9 - (-1 + 2) - -16?
9
What is the value of 61 - 54 - (19 - 3 - 5) - (6 + -67)?
57
Evaluate -43 - ((32 - 6 - 30) + (-7 - -2)).
-34
91 + (13 - -43) - 61
86
-4 + (-13 - (-9 + 3) - (-9 - 10 - -1))
7
Calculate -11 - (18 - (9 - -10)) - -10.
0
Calculate 1 + 2 - (-18 + -32 + 15 - -51).
-13
Calculate 12 - (-1 - -4) - (95 + -70 - 55).
39
What is the value of -14 - (7 - 1) - ((32 - 16) + -46)?
10
(102 - 64) + (-13 - -14)
39
(-21 - (-8 + 3)) + (1806 - 1799)
-9
Calculate (-65 - (3 + -49)) + -17.
-36
What is 46 + -61 + 62 + (2 - 15)?
34
What is -51 + (76 - (-10 + 39))?
-4
Evaluate 19 + (36 - 18 - (15 - 12)).
34
(38 + -80 - (-4 - 2)) + 12 - 12
-36
Evaluate 7 - (6 - 35 - -38) - (0 - 1).
-1
What is the value of -13 + 10 + -11 - (1 - 3 - 47)?
35
0 - (-1 - -13 - (4 + 6) - 22)
20
What is 4 + (13 - (1 - (-1 - -4) - -12))?
7
Evaluate (1 - (0 + -1 - (1 - -1))) + -140 + 152.
16
Calculate 62 - (-5 - (18 - (8 - 10 - -17))).
70
Evaluate 54 - (61 + -43) - 48 - (73 + 1).
-86
Evaluate 8 + 0 + 2 + 10 + -38 + 33 + 48.
63
Evaluate 168 + -202 + 0 + -24.
-58
What is -14 - -9 - 3 - (26 + 56 - (-2 - -10))?
-82
130 + (-494 - -442) + 0 + 32
110
What is the value of 9 + (-25 + (-4 - -8) - (2 - 13)) + 17?
16
What is the value of (27 - -56) + -62 - (-2 - 6)?
29
What is the value of (-16 - 15 - -16) + 145 - (23 + 1)?
106
5 + -2 - (3 + -15 + 7 + 23)
-15
What is -20 - -147 - (4 - -92)?
31
What is 338 + -365 - (-1 + 1 + 15) - (-3 + 2)?
-41
Evaluate 0 - -30 - (12 + 0 + (1 - 17)).
34
What is the value of 13 + (-1 - 11 - (25 - 5)) - -13?
-6
Evaluate (2 - -20) + (-54 - (28 + -16)).
-44
What is the value of (-104 + 83 - -8) + (-1 - -3 - (-6 + 0))?
-5
What is -6 + -18 + (30 - 17 - -21)?
10
Calculate -62 + (-6 - (25 + (-6 - (-5 + 18)))).
-74
4 + 13 - 1 - (-2 - -29 - -73)
-84
Calcul